{"id":878,"date":"2022-07-15T20:56:31","date_gmt":"2022-07-15T18:56:31","guid":{"rendered":"https:\/\/www.ggs-erlenweg.de\/?page_id=878"},"modified":"2022-07-15T20:58:33","modified_gmt":"2022-07-15T18:58:33","slug":"hausaufgaben","status":"publish","type":"page","link":"https:\/\/www.ggs-erlenweg.de\/index.php\/hausaufgaben\/","title":{"rendered":"Hausaufgaben"},"content":{"rendered":"\n<div class=\"wp-block-media-text alignwide has-media-on-the-right is-stacked-on-mobile\" style=\"grid-template-columns:auto 29%\"><figure class=\"wp-block-media-text__media\"><img loading=\"lazy\" decoding=\"async\" width=\"228\" height=\"171\" src=\"https:\/\/www.ggs-erlenweg.de\/wp-content\/uploads\/2022\/07\/RTEmagicC_Hausaufgaben2_kleiner.jpg.jpg\" alt=\"\" class=\"wp-image-879 size-full\"\/><\/figure><div class=\"wp-block-media-text__content\">\n<div class=\"wp-block-stackable-text stk-block-text stk-block stk-28de851\" data-block-id=\"28de851\"><p class=\"stk-block-text__text\">In der Lernzeit haben Ihre Kinder t\u00e4glich von 14:00 Uhr bis 14:45 Uhr die M\u00f6glichkeit konzentriert an ihren Hausaufgaben zu arbeiten. Sie werden dabei vom Team der OGS sowie von Lehrerinnen und Lehrern betreut. Ein enger Austausch mit den Lehrerinnen und Lehrern ist uns wichtig, um den individuellen Lernstand jedes Kindes zu ber\u00fccksichtigen.<\/p><\/div>\n<\/div><\/div>\n\n\n\n<div class=\"wp-block-stackable-separator alignfull stk-block-separator stk--no-padding stk-block stk-867b51e\" data-block-id=\"867b51e\"><style>.stk-867b51e .stk-block-separator__inner{height:137px !important}<\/style><div class=\"stk-block-separator__inner\"><svg xmlns=\"http:\/\/www.w3.org\/2000\/svg\" viewBox=\"0 0 1600 200\" class=\"stk-separator__layer-1\" preserveAspectRatio=\"none\" aria-hidden=\"true\"><path class=\"wave-1_svg__st2\" d=\"M1341.4 48.9c-182.4 0-254.2 80.4-429.4 80.4-117.8 0-209.7-67.5-393.5-67.5-142.2 0-212.6 38.8-324.6 38.8S-10 64.7-10 64.7V210h1620V102c-110.6-40.2-181-53.1-268.6-53.1z\"><\/path><\/svg><\/div><\/div>\n\n\n\n<div class=\"wp-block-media-text alignwide is-stacked-on-mobile\" style=\"grid-template-columns:31% auto\"><figure class=\"wp-block-media-text__media\"><img loading=\"lazy\" decoding=\"async\" width=\"228\" height=\"171\" src=\"https:\/\/www.ggs-erlenweg.de\/wp-content\/uploads\/2022\/07\/RTEmagicC_Hausaufgaben4_kleiner.jpg.jpg\" alt=\"\" class=\"wp-image-880 size-full\"\/><\/figure><div class=\"wp-block-media-text__content\">\n<div class=\"wp-block-stackable-text stk-block-text stk-block stk-9cad388\" data-block-id=\"9cad388\"><p class=\"stk-block-text__text\">Unser Team schafft eine angenehme Lernatmosph\u00e4re f\u00fcr die Hausaufgaben. Wir beantworten Fragen, geben konstruktive Hilfen und f\u00f6rdern sie darin ihre Aufgaben selbst\u00e4ndig zu erledigen.&nbsp;<strong>Es<\/strong>&nbsp;<strong>handelt sich hierbei allerdings nicht um Nachhilfe oder gezielte Einzelf\u00f6rderung<\/strong>. Wir sind nicht daf\u00fcr verantwortlich, dass Ihre Kinder ihre Hausaufgaben vollst\u00e4ndig und korrekt bearbeiten.<\/p><\/div>\n<\/div><\/div>\n","protected":false},"excerpt":{"rendered":"","protected":false},"author":2,"featured_media":0,"parent":0,"menu_order":0,"comment_status":"closed","ping_status":"closed","template":"","meta":{"footnotes":""},"class_list":["post-878","page","type-page","status-publish","hentry"],"blocksy_meta":{"styles_descriptor":{"styles":{"desktop":"","tablet":"","mobile":""},"google_fonts":[],"version":6}},"featured_image_urls_v2":{"full":"","thumbnail":"","medium":"","medium_large":"","large":"","1536x1536":"","2048x2048":""},"post_excerpt_stackable_v2":"<p>In der Lernzeit haben Ihre Kinder t\u00e4glich von 14:00 Uhr bis 14:45 Uhr die M\u00f6glichkeit konzentriert an ihren Hausaufgaben zu arbeiten. Sie werden dabei vom Team der OGS sowie von Lehrerinnen und Lehrern betreut. Ein enger Austausch mit den Lehrerinnen und Lehrern ist uns wichtig, um den individuellen Lernstand jedes Kindes zu ber\u00fccksichtigen. Unser Team schafft eine angenehme Lernatmosph\u00e4re f\u00fcr die Hausaufgaben. Wir beantworten Fragen, geben konstruktive Hilfen und f\u00f6rdern sie darin ihre Aufgaben selbst\u00e4ndig zu erledigen.&nbsp;Es&nbsp;handelt sich hierbei allerdings nicht um Nachhilfe oder gezielte Einzelf\u00f6rderung. Wir sind nicht daf\u00fcr verantwortlich, dass Ihre Kinder ihre Hausaufgaben vollst\u00e4ndig und korrekt bearbeiten.<\/p>\n","category_list_v2":"","author_info_v2":{"name":"FB","url":"https:\/\/www.ggs-erlenweg.de\/index.php\/author\/fexxes\/"},"comments_num_v2":"0 comments","yoast_head":"<!-- This site is optimized with the Yoast SEO plugin v27.2 - https:\/\/yoast.com\/product\/yoast-seo-wordpress\/ -->\n<title>Hausaufgaben - Gemeinschaftsgrundschule Erlenweg<\/title>\n<meta name=\"robots\" content=\"index, follow, max-snippet:-1, max-image-preview:large, max-video-preview:-1\" \/>\n<link rel=\"canonical\" href=\"https:\/\/www.ggs-erlenweg.de\/index.php\/hausaufgaben\/\" \/>\n<meta property=\"og:locale\" content=\"de_DE\" \/>\n<meta property=\"og:type\" content=\"article\" \/>\n<meta property=\"og:title\" content=\"Hausaufgaben - Gemeinschaftsgrundschule Erlenweg\" \/>\n<meta property=\"og:url\" content=\"https:\/\/www.ggs-erlenweg.de\/index.php\/hausaufgaben\/\" \/>\n<meta property=\"og:site_name\" content=\"Gemeinschaftsgrundschule Erlenweg\" \/>\n<meta property=\"article:modified_time\" content=\"2022-07-15T18:58:33+00:00\" \/>\n<meta property=\"og:image\" content=\"https:\/\/www.ggs-erlenweg.de\/wp-content\/uploads\/2022\/07\/RTEmagicC_Hausaufgaben2_kleiner.jpg.jpg\" \/>\n<meta name=\"twitter:card\" content=\"summary_large_image\" \/>\n<meta name=\"twitter:label1\" content=\"Gesch\u00e4tzte Lesezeit\" \/>\n\t<meta name=\"twitter:data1\" content=\"1\u00a0Minute\" \/>\n<script type=\"application\/ld+json\" class=\"yoast-schema-graph\">{\"@context\":\"https:\/\/schema.org\",\"@graph\":[{\"@type\":\"WebPage\",\"@id\":\"https:\/\/www.ggs-erlenweg.de\/index.php\/hausaufgaben\/\",\"url\":\"https:\/\/www.ggs-erlenweg.de\/index.php\/hausaufgaben\/\",\"name\":\"Hausaufgaben - Gemeinschaftsgrundschule Erlenweg\",\"isPartOf\":{\"@id\":\"https:\/\/www.ggs-erlenweg.de\/#website\"},\"primaryImageOfPage\":{\"@id\":\"https:\/\/www.ggs-erlenweg.de\/index.php\/hausaufgaben\/#primaryimage\"},\"image\":{\"@id\":\"https:\/\/www.ggs-erlenweg.de\/index.php\/hausaufgaben\/#primaryimage\"},\"thumbnailUrl\":\"https:\/\/www.ggs-erlenweg.de\/wp-content\/uploads\/2022\/07\/RTEmagicC_Hausaufgaben2_kleiner.jpg.jpg\",\"datePublished\":\"2022-07-15T18:56:31+00:00\",\"dateModified\":\"2022-07-15T18:58:33+00:00\",\"breadcrumb\":{\"@id\":\"https:\/\/www.ggs-erlenweg.de\/index.php\/hausaufgaben\/#breadcrumb\"},\"inLanguage\":\"de\",\"potentialAction\":[{\"@type\":\"ReadAction\",\"target\":[\"https:\/\/www.ggs-erlenweg.de\/index.php\/hausaufgaben\/\"]}]},{\"@type\":\"ImageObject\",\"inLanguage\":\"de\",\"@id\":\"https:\/\/www.ggs-erlenweg.de\/index.php\/hausaufgaben\/#primaryimage\",\"url\":\"https:\/\/www.ggs-erlenweg.de\/wp-content\/uploads\/2022\/07\/RTEmagicC_Hausaufgaben2_kleiner.jpg.jpg\",\"contentUrl\":\"https:\/\/www.ggs-erlenweg.de\/wp-content\/uploads\/2022\/07\/RTEmagicC_Hausaufgaben2_kleiner.jpg.jpg\",\"width\":228,\"height\":171,\"caption\":\"Traveler Digital Camera\"},{\"@type\":\"BreadcrumbList\",\"@id\":\"https:\/\/www.ggs-erlenweg.de\/index.php\/hausaufgaben\/#breadcrumb\",\"itemListElement\":[{\"@type\":\"ListItem\",\"position\":1,\"name\":\"Startseite\",\"item\":\"https:\/\/www.ggs-erlenweg.de\/\"},{\"@type\":\"ListItem\",\"position\":2,\"name\":\"Hausaufgaben\"}]},{\"@type\":\"WebSite\",\"@id\":\"https:\/\/www.ggs-erlenweg.de\/#website\",\"url\":\"https:\/\/www.ggs-erlenweg.de\/\",\"name\":\"Gemeinschaftsgrundschule Erlenweg\",\"description\":\"\",\"publisher\":{\"@id\":\"https:\/\/www.ggs-erlenweg.de\/#organization\"},\"potentialAction\":[{\"@type\":\"SearchAction\",\"target\":{\"@type\":\"EntryPoint\",\"urlTemplate\":\"https:\/\/www.ggs-erlenweg.de\/?s={search_term_string}\"},\"query-input\":{\"@type\":\"PropertyValueSpecification\",\"valueRequired\":true,\"valueName\":\"search_term_string\"}}],\"inLanguage\":\"de\"},{\"@type\":\"Organization\",\"@id\":\"https:\/\/www.ggs-erlenweg.de\/#organization\",\"name\":\"Gemeinschaftsgrundschule Erlenweg\",\"url\":\"https:\/\/www.ggs-erlenweg.de\/\",\"logo\":{\"@type\":\"ImageObject\",\"inLanguage\":\"de\",\"@id\":\"https:\/\/www.ggs-erlenweg.de\/#\/schema\/logo\/image\/\",\"url\":\"https:\/\/www.ggs-erlenweg.de\/wp-content\/uploads\/2025\/04\/Logo5Farben-400px.png\",\"contentUrl\":\"https:\/\/www.ggs-erlenweg.de\/wp-content\/uploads\/2025\/04\/Logo5Farben-400px.png\",\"width\":400,\"height\":381,\"caption\":\"Gemeinschaftsgrundschule Erlenweg\"},\"image\":{\"@id\":\"https:\/\/www.ggs-erlenweg.de\/#\/schema\/logo\/image\/\"}}]}<\/script>\n<!-- \/ Yoast SEO plugin. -->","yoast_head_json":{"title":"Hausaufgaben - Gemeinschaftsgrundschule Erlenweg","robots":{"index":"index","follow":"follow","max-snippet":"max-snippet:-1","max-image-preview":"max-image-preview:large","max-video-preview":"max-video-preview:-1"},"canonical":"https:\/\/www.ggs-erlenweg.de\/index.php\/hausaufgaben\/","og_locale":"de_DE","og_type":"article","og_title":"Hausaufgaben - Gemeinschaftsgrundschule Erlenweg","og_url":"https:\/\/www.ggs-erlenweg.de\/index.php\/hausaufgaben\/","og_site_name":"Gemeinschaftsgrundschule Erlenweg","article_modified_time":"2022-07-15T18:58:33+00:00","og_image":[{"url":"https:\/\/www.ggs-erlenweg.de\/wp-content\/uploads\/2022\/07\/RTEmagicC_Hausaufgaben2_kleiner.jpg.jpg","type":"","width":"","height":""}],"twitter_card":"summary_large_image","twitter_misc":{"Gesch\u00e4tzte Lesezeit":"1\u00a0Minute"},"schema":{"@context":"https:\/\/schema.org","@graph":[{"@type":"WebPage","@id":"https:\/\/www.ggs-erlenweg.de\/index.php\/hausaufgaben\/","url":"https:\/\/www.ggs-erlenweg.de\/index.php\/hausaufgaben\/","name":"Hausaufgaben - Gemeinschaftsgrundschule Erlenweg","isPartOf":{"@id":"https:\/\/www.ggs-erlenweg.de\/#website"},"primaryImageOfPage":{"@id":"https:\/\/www.ggs-erlenweg.de\/index.php\/hausaufgaben\/#primaryimage"},"image":{"@id":"https:\/\/www.ggs-erlenweg.de\/index.php\/hausaufgaben\/#primaryimage"},"thumbnailUrl":"https:\/\/www.ggs-erlenweg.de\/wp-content\/uploads\/2022\/07\/RTEmagicC_Hausaufgaben2_kleiner.jpg.jpg","datePublished":"2022-07-15T18:56:31+00:00","dateModified":"2022-07-15T18:58:33+00:00","breadcrumb":{"@id":"https:\/\/www.ggs-erlenweg.de\/index.php\/hausaufgaben\/#breadcrumb"},"inLanguage":"de","potentialAction":[{"@type":"ReadAction","target":["https:\/\/www.ggs-erlenweg.de\/index.php\/hausaufgaben\/"]}]},{"@type":"ImageObject","inLanguage":"de","@id":"https:\/\/www.ggs-erlenweg.de\/index.php\/hausaufgaben\/#primaryimage","url":"https:\/\/www.ggs-erlenweg.de\/wp-content\/uploads\/2022\/07\/RTEmagicC_Hausaufgaben2_kleiner.jpg.jpg","contentUrl":"https:\/\/www.ggs-erlenweg.de\/wp-content\/uploads\/2022\/07\/RTEmagicC_Hausaufgaben2_kleiner.jpg.jpg","width":228,"height":171,"caption":"Traveler Digital Camera"},{"@type":"BreadcrumbList","@id":"https:\/\/www.ggs-erlenweg.de\/index.php\/hausaufgaben\/#breadcrumb","itemListElement":[{"@type":"ListItem","position":1,"name":"Startseite","item":"https:\/\/www.ggs-erlenweg.de\/"},{"@type":"ListItem","position":2,"name":"Hausaufgaben"}]},{"@type":"WebSite","@id":"https:\/\/www.ggs-erlenweg.de\/#website","url":"https:\/\/www.ggs-erlenweg.de\/","name":"Gemeinschaftsgrundschule Erlenweg","description":"","publisher":{"@id":"https:\/\/www.ggs-erlenweg.de\/#organization"},"potentialAction":[{"@type":"SearchAction","target":{"@type":"EntryPoint","urlTemplate":"https:\/\/www.ggs-erlenweg.de\/?s={search_term_string}"},"query-input":{"@type":"PropertyValueSpecification","valueRequired":true,"valueName":"search_term_string"}}],"inLanguage":"de"},{"@type":"Organization","@id":"https:\/\/www.ggs-erlenweg.de\/#organization","name":"Gemeinschaftsgrundschule Erlenweg","url":"https:\/\/www.ggs-erlenweg.de\/","logo":{"@type":"ImageObject","inLanguage":"de","@id":"https:\/\/www.ggs-erlenweg.de\/#\/schema\/logo\/image\/","url":"https:\/\/www.ggs-erlenweg.de\/wp-content\/uploads\/2025\/04\/Logo5Farben-400px.png","contentUrl":"https:\/\/www.ggs-erlenweg.de\/wp-content\/uploads\/2025\/04\/Logo5Farben-400px.png","width":400,"height":381,"caption":"Gemeinschaftsgrundschule Erlenweg"},"image":{"@id":"https:\/\/www.ggs-erlenweg.de\/#\/schema\/logo\/image\/"}}]}},"_links":{"self":[{"href":"https:\/\/www.ggs-erlenweg.de\/index.php\/wp-json\/wp\/v2\/pages\/878","targetHints":{"allow":["GET"]}}],"collection":[{"href":"https:\/\/www.ggs-erlenweg.de\/index.php\/wp-json\/wp\/v2\/pages"}],"about":[{"href":"https:\/\/www.ggs-erlenweg.de\/index.php\/wp-json\/wp\/v2\/types\/page"}],"author":[{"embeddable":true,"href":"https:\/\/www.ggs-erlenweg.de\/index.php\/wp-json\/wp\/v2\/users\/2"}],"replies":[{"embeddable":true,"href":"https:\/\/www.ggs-erlenweg.de\/index.php\/wp-json\/wp\/v2\/comments?post=878"}],"version-history":[{"count":3,"href":"https:\/\/www.ggs-erlenweg.de\/index.php\/wp-json\/wp\/v2\/pages\/878\/revisions"}],"predecessor-version":[{"id":884,"href":"https:\/\/www.ggs-erlenweg.de\/index.php\/wp-json\/wp\/v2\/pages\/878\/revisions\/884"}],"wp:attachment":[{"href":"https:\/\/www.ggs-erlenweg.de\/index.php\/wp-json\/wp\/v2\/media?parent=878"}],"curies":[{"name":"wp","href":"https:\/\/api.w.org\/{rel}","templated":true}]}}